{"id":9600,"date":"2025-10-14T22:47:11","date_gmt":"2025-10-14T13:47:11","guid":{"rendered":"https:\/\/asiaglobal.kr\/?page_id=9600"},"modified":"2025-10-15T00:29:03","modified_gmt":"2025-10-14T15:29:03","slug":"%ec%9d%b8%ec%82%ac%eb%a7%90-vi","status":"publish","type":"page","link":"https:\/\/asiaglobal.kr\/?page_id=9600&lang=vi","title":{"rendered":"\uc778\uc0ac\ub9d0 Vi"},"content":{"rendered":"\t\t<div data-elementor-type=\"wp-page\" data-elementor-id=\"9600\" class=\"elementor elementor-9600\" data-elementor-post-type=\"page\">\n\t\t\t\t\t\t<section class=\"elementor-section elementor-top-section elementor-element elementor-element-7307ff6b elementor-section-full_width elementor-section-height-min-height elementor-section-content-middle animated-slow elementor-section-height-default elementor-section-items-middle elementor-invisible\" data-id=\"7307ff6b\" data-element_type=\"section\" data-settings=\"{&quot;background_background&quot;:&quot;classic&quot;,&quot;motion_fx_motion_fx_scrolling&quot;:&quot;yes&quot;,&quot;animation&quot;:&quot;fadeIn&quot;,&quot;motion_fx_devices&quot;:[&quot;desktop&quot;,&quot;tablet&quot;,&quot;mobile&quot;]}\">\n\t\t\t\t\t\t\t<div class=\"elementor-background-overlay\"><\/div>\n\t\t\t\t\t\t\t<div class=\"elementor-container elementor-column-gap-no\">\n\t\t\t\t\t<div class=\"elementor-column elementor-col-100 elementor-top-column elementor-element elementor-element-12f4c81c\" data-id=\"12f4c81c\" data-element_type=\"column\">\n\t\t\t<div class=\"elementor-widget-wrap elementor-element-populated\">\n\t\t\t\t\t\t<div class=\"elementor-element elementor-element-73c2a048 animated-slow elementor-invisible elementor-widget elementor-widget-heading\" data-id=\"73c2a048\" data-element_type=\"widget\" data-settings=\"{&quot;_animation&quot;:&quot;fadeInUp&quot;}\" data-widget_type=\"heading.default\">\n\t\t\t\t<div class=\"elementor-widget-container\">\n\t\t\t\t\t<h1 class=\"elementor-heading-title elementor-size-default\">C\u00f4ng ty<\/h1>\t\t\t\t<\/div>\n\t\t\t\t<\/div>\n\t\t\t\t<div class=\"elementor-element elementor-element-546db0fe animated-slow elementor-invisible elementor-widget elementor-widget-text-editor\" data-id=\"546db0fe\" data-element_type=\"widget\" data-settings=\"{&quot;_animation&quot;:&quot;fadeInUp&quot;,&quot;_animation_delay&quot;:400}\" data-widget_type=\"text-editor.default\">\n\t\t\t\t<div class=\"elementor-widget-container\">\n\t\t\t\t\t\t\t\t\t<p>Chia s\u1ebb s\u1ef1 ch\u00e2n th\u00e0nh v\u1edbi kh\u00e1ch h\u00e0ng v\u00e0 x\u00e2y d\u1ef1ng ni\u1ec1m tin.<\/p>\t\t\t\t\t\t\t\t<\/div>\n\t\t\t\t<\/div>\n\t\t\t\t\t<\/div>\n\t\t<\/div>\n\t\t\t\t\t<\/div>\n\t\t<\/section>\n\t\t\t\t<section class=\"elementor-section elementor-top-section elementor-element elementor-element-30cc74da elementor-section-full_width elementor-section-height-default elementor-section-height-default\" data-id=\"30cc74da\" data-element_type=\"section\">\n\t\t\t\t\t\t<div class=\"elementor-container elementor-column-gap-default\">\n\t\t\t\t\t<div class=\"elementor-column elementor-col-100 elementor-top-column elementor-element elementor-element-1b7b2467\" data-id=\"1b7b2467\" data-element_type=\"column\" data-settings=\"{&quot;motion_fx_motion_fx_scrolling&quot;:&quot;yes&quot;,&quot;motion_fx_devices&quot;:[&quot;desktop&quot;,&quot;tablet&quot;,&quot;mobile&quot;]}\">\n\t\t\t<div class=\"elementor-widget-wrap elementor-element-populated\">\n\t\t\t\t\t\t<div class=\"elementor-element elementor-element-64845adf elementor-nav-menu__align-center elementor-nav-menu--dropdown-none elementor-widget elementor-widget-nav-menu\" data-id=\"64845adf\" data-element_type=\"widget\" data-settings=\"{&quot;submenu_icon&quot;:{&quot;value&quot;:&quot;&lt;i class=\\&quot;fas fa-chevron-down\\&quot;&gt;&lt;\\\/i&gt;&quot;,&quot;library&quot;:&quot;fa-solid&quot;},&quot;_animation&quot;:&quot;none&quot;,&quot;layout&quot;:&quot;horizontal&quot;}\" data-widget_type=\"nav-menu.default\">\n\t\t\t\t<div class=\"elementor-widget-container\">\n\t\t\t\t\t\t\t\t<nav aria-label=\"Menu\" class=\"elementor-nav-menu--main elementor-nav-menu__container elementor-nav-menu--layout-horizontal e--pointer-underline e--animation-none\">\n\t\t\t\t<ul id=\"menu-1-64845adf\" class=\"elementor-nav-menu\"><li class=\"menu-item menu-item-type-post_type menu-item-object-page menu-item-9671\"><a href=\"https:\/\/asiaglobal.kr\/?page_id=9600&#038;lang=vi\" class=\"elementor-item menu-link\">L\u1eddi ch\u00e0o<\/a><\/li>\n<li class=\"menu-item menu-item-type-post_type menu-item-object-page menu-item-9672\"><a href=\"https:\/\/asiaglobal.kr\/?page_id=9596&#038;lang=vi\" class=\"elementor-item menu-link\">L\u00fd l\u1ecbch v\u00e0 gi\u1ea5y ph\u00e9p<\/a><\/li>\n<li class=\"menu-item menu-item-type-post_type menu-item-object-page menu-item-9673\"><a href=\"https:\/\/asiaglobal.kr\/?page_id=9597&#038;lang=vi\" class=\"elementor-item menu-link\">H\u01b0\u1edbng d\u1eabn \u0111\u01b0\u1eddng \u0111i<\/a><\/li>\n<\/ul>\t\t\t<\/nav>\n\t\t\t\t\t\t<nav class=\"elementor-nav-menu--dropdown elementor-nav-menu__container\" aria-hidden=\"true\">\n\t\t\t\t<ul id=\"menu-2-64845adf\" class=\"elementor-nav-menu\"><li class=\"menu-item menu-item-type-post_type menu-item-object-page menu-item-9671\"><a href=\"https:\/\/asiaglobal.kr\/?page_id=9600&#038;lang=vi\" class=\"elementor-item menu-link\" tabindex=\"-1\">L\u1eddi ch\u00e0o<\/a><\/li>\n<li class=\"menu-item menu-item-type-post_type menu-item-object-page menu-item-9672\"><a href=\"https:\/\/asiaglobal.kr\/?page_id=9596&#038;lang=vi\" class=\"elementor-item menu-link\" tabindex=\"-1\">L\u00fd l\u1ecbch v\u00e0 gi\u1ea5y ph\u00e9p<\/a><\/li>\n<li class=\"menu-item menu-item-type-post_type menu-item-object-page menu-item-9673\"><a href=\"https:\/\/asiaglobal.kr\/?page_id=9597&#038;lang=vi\" class=\"elementor-item menu-link\" tabindex=\"-1\">H\u01b0\u1edbng d\u1eabn \u0111\u01b0\u1eddng \u0111i<\/a><\/li>\n<\/ul>\t\t\t<\/nav>\n\t\t\t\t\t\t<\/div>\n\t\t\t\t<\/div>\n\t\t\t\t\t<\/div>\n\t\t<\/div>\n\t\t\t\t\t<\/div>\n\t\t<\/section>\n\t\t\t\t<section class=\"elementor-section elementor-top-section elementor-element elementor-element-8478880 elementor-section-boxed elementor-section-height-default elementor-section-height-default\" data-id=\"8478880\" data-element_type=\"section\">\n\t\t\t\t\t\t<div class=\"elementor-container elementor-column-gap-default\">\n\t\t\t\t\t<div class=\"elementor-column elementor-col-100 elementor-top-column elementor-element elementor-element-ee1b59a\" data-id=\"ee1b59a\" data-element_type=\"column\">\n\t\t\t<div class=\"elementor-widget-wrap elementor-element-populated\">\n\t\t\t\t\t\t<div class=\"elementor-element elementor-element-6ba1a67 elementor-widget elementor-widget-image\" data-id=\"6ba1a67\" data-element_type=\"widget\" data-widget_type=\"image.default\">\n\t\t\t\t<div class=\"elementor-widget-container\">\n\t\t\t\t\t\t\t\t\t\t\t\t\t\t\t<img fetchpriority=\"high\" decoding=\"async\" width=\"1920\" height=\"400\" src=\"https:\/\/asiaglobal.kr\/wp-content\/uploads\/2025\/10\/\ud68c\uc0ac-\uc778\uc0ac\ub9d0-Vi.jpg\" class=\"attachment-full size-full wp-image-9677\" alt=\"\" srcset=\"https:\/\/asiaglobal.kr\/wp-content\/uploads\/2025\/10\/\ud68c\uc0ac-\uc778\uc0ac\ub9d0-Vi.jpg 1920w, https:\/\/asiaglobal.kr\/wp-content\/uploads\/2025\/10\/\ud68c\uc0ac-\uc778\uc0ac\ub9d0-Vi-300x63.jpg 300w, https:\/\/asiaglobal.kr\/wp-content\/uploads\/2025\/10\/\ud68c\uc0ac-\uc778\uc0ac\ub9d0-Vi-1024x213.jpg 1024w, https:\/\/asiaglobal.kr\/wp-content\/uploads\/2025\/10\/\ud68c\uc0ac-\uc778\uc0ac\ub9d0-Vi-768x160.jpg 768w, https:\/\/asiaglobal.kr\/wp-content\/uploads\/2025\/10\/\ud68c\uc0ac-\uc778\uc0ac\ub9d0-Vi-1536x320.jpg 1536w\" sizes=\"(max-width: 1920px) 100vw, 1920px\" \/>\t\t\t\t\t\t\t\t\t\t\t\t\t\t\t<\/div>\n\t\t\t\t<\/div>\n\t\t\t\t\t<\/div>\n\t\t<\/div>\n\t\t\t\t\t<\/div>\n\t\t<\/section>\n\t\t\t\t<section class=\"elementor-section elementor-top-section elementor-element elementor-element-ce9280c elementor-section-boxed elementor-section-height-default elementor-section-height-default\" data-id=\"ce9280c\" data-element_type=\"section\">\n\t\t\t\t\t\t<div class=\"elementor-container elementor-column-gap-default\">\n\t\t\t\t\t<div class=\"elementor-column elementor-col-100 elementor-top-column elementor-element elementor-element-c6c1264\" data-id=\"c6c1264\" data-element_type=\"column\">\n\t\t\t<div class=\"elementor-widget-wrap elementor-element-populated\">\n\t\t\t\t\t\t<div class=\"elementor-element elementor-element-efeef5c elementor-widget elementor-widget-spacer\" data-id=\"efeef5c\" data-element_type=\"widget\" data-widget_type=\"spacer.default\">\n\t\t\t\t<div class=\"elementor-widget-container\">\n\t\t\t\t\t\t\t<div class=\"elementor-spacer\">\n\t\t\t<div class=\"elementor-spacer-inner\"><\/div>\n\t\t<\/div>\n\t\t\t\t\t\t<\/div>\n\t\t\t\t<\/div>\n\t\t\t\t\t<\/div>\n\t\t<\/div>\n\t\t\t\t\t<\/div>\n\t\t<\/section>\n\t\t\t\t<section class=\"elementor-section elementor-top-section elementor-element elementor-element-ef4fb07 elementor-section-boxed elementor-section-height-default elementor-section-height-default\" data-id=\"ef4fb07\" data-element_type=\"section\">\n\t\t\t\t\t\t<div class=\"elementor-container elementor-column-gap-default\">\n\t\t\t\t\t<div class=\"elementor-column elementor-col-50 elementor-top-column elementor-element elementor-element-f0e6a19\" data-id=\"f0e6a19\" data-element_type=\"column\">\n\t\t\t<div class=\"elementor-widget-wrap elementor-element-populated\">\n\t\t\t\t\t\t<div class=\"elementor-element elementor-element-28a0eab elementor-widget elementor-widget-image\" data-id=\"28a0eab\" data-element_type=\"widget\" data-widget_type=\"image.default\">\n\t\t\t\t<div class=\"elementor-widget-container\">\n\t\t\t\t\t\t\t\t\t\t\t\t\t\t\t<img decoding=\"async\" width=\"1080\" height=\"1920\" src=\"https:\/\/asiaglobal.kr\/wp-content\/uploads\/2025\/09\/introfile.jpg\" class=\"attachment-full size-full wp-image-9093\" alt=\"\" srcset=\"https:\/\/asiaglobal.kr\/wp-content\/uploads\/2025\/09\/introfile.jpg 1080w, https:\/\/asiaglobal.kr\/wp-content\/uploads\/2025\/09\/introfile-169x300.jpg 169w, https:\/\/asiaglobal.kr\/wp-content\/uploads\/2025\/09\/introfile-576x1024.jpg 576w, https:\/\/asiaglobal.kr\/wp-content\/uploads\/2025\/09\/introfile-768x1365.jpg 768w, https:\/\/asiaglobal.kr\/wp-content\/uploads\/2025\/09\/introfile-864x1536.jpg 864w\" sizes=\"(max-width: 1080px) 100vw, 1080px\" \/>\t\t\t\t\t\t\t\t\t\t\t\t\t\t\t<\/div>\n\t\t\t\t<\/div>\n\t\t\t\t\t<\/div>\n\t\t<\/div>\n\t\t\t\t<div class=\"elementor-column elementor-col-50 elementor-top-column elementor-element elementor-element-55b4d25\" data-id=\"55b4d25\" data-element_type=\"column\">\n\t\t\t<div class=\"elementor-widget-wrap elementor-element-populated\">\n\t\t\t\t\t\t<div class=\"elementor-element elementor-element-093ee17 elementor-widget elementor-widget-spacer\" data-id=\"093ee17\" data-element_type=\"widget\" data-widget_type=\"spacer.default\">\n\t\t\t\t<div class=\"elementor-widget-container\">\n\t\t\t\t\t\t\t<div class=\"elementor-spacer\">\n\t\t\t<div class=\"elementor-spacer-inner\"><\/div>\n\t\t<\/div>\n\t\t\t\t\t\t<\/div>\n\t\t\t\t<\/div>\n\t\t\t\t<div class=\"elementor-element elementor-element-b22cb3d text00 elementor-widget elementor-widget-heading\" data-id=\"b22cb3d\" data-element_type=\"widget\" data-widget_type=\"heading.default\">\n\t\t\t\t<div class=\"elementor-widget-container\">\n\t\t\t\t\t<h1 class=\"elementor-heading-title elementor-size-medium\">Xin k\u00ednh ch\u00e0o Qu\u00fd v\u1ecb.\u2028\n<span><br><\/span>\nC\u1ea3m \u01a1n Qu\u00fd v\u1ecb \u0111\u00e3 gh\u00e9 th\u0103m trang web c\u1ee7a Asia Global.<\/h1>\t\t\t\t<\/div>\n\t\t\t\t<\/div>\n\t\t\t\t<div class=\"elementor-element elementor-element-60106fe gttext elementor-widget elementor-widget-text-editor\" data-id=\"60106fe\" data-element_type=\"widget\" data-widget_type=\"text-editor.default\">\n\t\t\t\t<div class=\"elementor-widget-container\">\n\t\t\t\t\t\t\t\t\t<p data-start=\"56\" data-end=\"262\">K\u1ec3 t\u1eeb khi th\u00e0nh l\u1eadp, <strong data-start=\"77\" data-end=\"92\">Asia Global<\/strong> \u0111\u00e3 lu\u00f4n \u0111\u1ed3ng h\u00e0nh c\u00f9ng kh\u00e1ch h\u00e0ng trong nhi\u1ec1u l\u0129nh v\u1ef1c qu\u1ed1c t\u1ebf nh\u01b0 <strong data-start=\"160\" data-end=\"259\">th\u1ecb th\u1ef1c cho ng\u01b0\u1eddi n\u01b0\u1edbc ngo\u00e0i, k\u1ebft h\u00f4n qu\u1ed1c t\u1ebf, lao \u0111\u1ed9ng th\u1eddi v\u1ee5, du h\u1ecdc v\u00e0 c\u00e1c v\u1ea5n \u0111\u1ec1 lao \u0111\u1ed9ng<\/strong>.<\/p><p data-start=\"264\" data-end=\"526\">Nh\u1edd v\u00e0o <strong data-start=\"272\" data-end=\"318\">n\u1ed7 l\u1ef1c ki\u00ean \u0111\u1ecbnh c\u1ee7a nh\u00e0 s\u00e1ng l\u1eadp \u0111\u1ea7u ti\u00ean<\/strong>, c\u00f9ng v\u1edbi <strong data-start=\"329\" data-end=\"391\">t\u1ea7m nh\u00ecn m\u1edbi m\u1ebb v\u00e0 chuy\u00ean m\u00f4n v\u1eefng ch\u1eafc c\u1ee7a th\u1ebf h\u1ec7 th\u1ee9 hai<\/strong>, ng\u00e0y nay <strong data-start=\"402\" data-end=\"417\">Asia Global<\/strong> kh\u00f4ng ch\u1ec9 l\u00e0 m\u1ed9t \u0111\u01a1n v\u1ecb x\u1eed l\u00fd h\u1ed3 s\u01a1 th\u00f4ng th\u01b0\u1eddng, m\u00e0 \u0111\u00e3 tr\u1edf th\u00e0nh <strong data-start=\"484\" data-end=\"523\">\u0111\u1ed1i t\u00e1c t\u01b0 v\u1ea5n qu\u1ed1c t\u1ebf \u0111\u00e1ng tin c\u1eady<\/strong>.<\/p><p data-start=\"528\" data-end=\"734\">Ch\u00fang t\u00f4i cung c\u1ea5p <strong data-start=\"547\" data-end=\"573\">gi\u1ea3i ph\u00e1p ph\u00f9 h\u1ee3p nh\u1ea5t<\/strong> cho t\u1eebng tr\u01b0\u1eddng h\u1ee3p c\u1ee7a kh\u00e1ch h\u00e0ng, d\u1ef1a tr\u00ean <strong data-start=\"619\" data-end=\"731\">hi\u1ec3u bi\u1ebft ch\u00ednh x\u00e1c v\u1ec1 ph\u00e1p lu\u1eadt, kinh nghi\u1ec7m th\u1ef1c t\u1ebf v\u00e0 tinh th\u1ea7n tr\u00e1ch nhi\u1ec7m \u0111\u01b0\u1ee3c k\u1ebf th\u1eeba qua nhi\u1ec1u th\u1ebf h\u1ec7<\/strong>.<\/p><p data-start=\"736\" data-end=\"993\">V\u00ec hi\u1ec3u r\u1eb1ng <strong data-start=\"749\" data-end=\"819\">m\u1ed7i h\u1ed3 s\u01a1 th\u1ecb th\u1ef1c, m\u1ed7i ng\u01b0\u1eddi lao \u0111\u1ed9ng \u0111\u01b0\u1ee3c b\u1ed1 tr\u00ed, m\u1ed7i t\u1edd gi\u1ea5y t\u1edd<\/strong> \u0111\u1ec1u g\u1eafn li\u1ec1n tr\u1ef1c ti\u1ebfp v\u1edbi <strong data-start=\"847\" data-end=\"875\">t\u01b0\u01a1ng lai c\u1ee7a kh\u00e1ch h\u00e0ng<\/strong>, <strong data-start=\"877\" data-end=\"892\">Asia Global<\/strong> lu\u00f4n mang \u0111\u1ebfn <strong data-start=\"907\" data-end=\"990\">l\u1eddi khuy\u00ean minh b\u1ea1ch, t\u01b0 v\u1ea5n trung th\u1ef1c, gi\u1ea3i ph\u00e1p t\u00f9y ch\u1ec9nh v\u00e0 d\u1ecbch v\u1ee5 t\u1eadn t\u00e2m<\/strong>.<\/p><p data-start=\"995\" data-end=\"1286\">Trong t\u01b0\u01a1ng lai, <strong data-start=\"1012\" data-end=\"1027\">Asia Global<\/strong> cam k\u1ebft s\u1ebd ti\u1ebfp t\u1ee5c l\u00e0 <strong data-start=\"1051\" data-end=\"1087\">ng\u01b0\u1eddi b\u1ea1n \u0111\u1ed3ng h\u00e0nh \u0111\u00e1ng tin c\u1eady<\/strong> c\u1ee7a Qu\u00fd v\u1ecb, th\u00f4ng qua <strong data-start=\"1110\" data-end=\"1165\">t\u01b0 v\u1ea5n chuy\u00ean nghi\u1ec7p d\u1ef1a tr\u00ean ph\u00e1p lu\u1eadt v\u00e0 quy \u0111\u1ecbnh<\/strong>, <strong data-start=\"1167\" data-end=\"1215\">gi\u1ea3i ph\u00e1p t\u1ed1i \u01b0u ph\u00f9 h\u1ee3p v\u1edbi t\u1eebng kh\u00e1ch h\u00e0ng<\/strong>, c\u00f9ng v\u1edbi <strong data-start=\"1226\" data-end=\"1283\">ni\u1ec1m tin v\u00e0 tr\u00e1ch nhi\u1ec7m \u0111\u01b0\u1ee3c vun \u0111\u1eafp qua nhi\u1ec1u th\u1ebf h\u1ec7<\/strong>.<\/p><p data-start=\"1288\" data-end=\"1312\">Xin ch\u00e2n th\u00e0nh c\u1ea3m \u01a1n.<\/p>\t\t\t\t\t\t\t\t<\/div>\n\t\t\t\t<\/div>\n\t\t\t\t<div class=\"elementor-element elementor-element-a54ac99 gttext elementor-widget elementor-widget-text-editor\" data-id=\"a54ac99\" data-element_type=\"widget\" data-widget_type=\"text-editor.default\">\n\t\t\t\t<div class=\"elementor-widget-container\">\n\t\t\t\t\t\t\t\t\t<h5>To\u00e0n th\u1ec3 c\u00e1n b\u1ed9 v\u00e0 nh\u00e2n vi\u00ean Asia Global<\/h5>\t\t\t\t\t\t\t\t<\/div>\n\t\t\t\t<\/div>\n\t\t\t\t<div class=\"elementor-element elementor-element-59cb15e elementor-widget elementor-widget-spacer\" data-id=\"59cb15e\" data-element_type=\"widget\" data-widget_type=\"spacer.default\">\n\t\t\t\t<div class=\"elementor-widget-container\">\n\t\t\t\t\t\t\t<div class=\"elementor-spacer\">\n\t\t\t<div class=\"elementor-spacer-inner\"><\/div>\n\t\t<\/div>\n\t\t\t\t\t\t<\/div>\n\t\t\t\t<\/div>\n\t\t\t\t\t<\/div>\n\t\t<\/div>\n\t\t\t\t\t<\/div>\n\t\t<\/section>\n\t\t\t\t<section class=\"elementor-section elementor-top-section elementor-element elementor-element-ae5dac9 elementor-section-boxed elementor-section-height-default elementor-section-height-default\" data-id=\"ae5dac9\" data-element_type=\"section\">\n\t\t\t\t\t\t<div class=\"elementor-container elementor-column-gap-default\">\n\t\t\t\t\t<div class=\"elementor-column elementor-col-100 elementor-top-column elementor-element elementor-element-79da79f\" data-id=\"79da79f\" data-element_type=\"column\">\n\t\t\t<div class=\"elementor-widget-wrap elementor-element-populated\">\n\t\t\t\t\t\t<div class=\"elementor-element elementor-element-baf02f4 elementor-widget elementor-widget-spacer\" data-id=\"baf02f4\" data-element_type=\"widget\" data-widget_type=\"spacer.default\">\n\t\t\t\t<div class=\"elementor-widget-container\">\n\t\t\t\t\t\t\t<div class=\"elementor-spacer\">\n\t\t\t<div class=\"elementor-spacer-inner\"><\/div>\n\t\t<\/div>\n\t\t\t\t\t\t<\/div>\n\t\t\t\t<\/div>\n\t\t\t\t\t<\/div>\n\t\t<\/div>\n\t\t\t\t\t<\/div>\n\t\t<\/section>\n\t\t\t\t<\/div>\n\t\t","protected":false},"excerpt":{"rendered":"<p>C\u00f4ng ty Chia s\u1ebb s\u1ef1 ch\u00e2n th\u00e0nh v\u1edbi kh\u00e1ch h\u00e0ng v\u00e0 x\u00e2y d\u1ef1ng ni\u1ec1m tin. Xin k\u00ednh ch\u00e0o Qu\u00fd v\u1ecb.\u2028 [&hellip;]<\/p>\n","protected":false},"author":1,"featured_media":0,"parent":0,"menu_order":0,"comment_status":"closed","ping_status":"closed","template":"elementor_header_footer","meta":{"site-sidebar-layout":"no-sidebar","site-content-layout":"page-builder","ast-site-content-layout":"full-width-container","site-content-style":"default","site-sidebar-style":"default","ast-global-header-display":"","ast-banner-title-visibility":"","ast-main-header-display":"","ast-hfb-above-header-display":"","ast-hfb-below-header-display":"","ast-hfb-mobile-header-display":"","site-post-title":"disabled","ast-breadcrumbs-content":"","ast-featured-img":"disabled","footer-sml-layout":"","theme-transparent-header-meta":"","adv-header-id-meta":"","stick-header-meta":"","header-above-stick-meta":"","header-main-stick-meta":"","header-below-stick-meta":"","astra-migrate-meta-layouts":"default","ast-page-background-enabled":"default","ast-page-background-meta":{"desktop":{"background-color":"var(--ast-global-color-4)","background-image":"","background-repeat":"repeat","background-position":"center center","background-size":"auto","background-attachment":"scroll","background-type":"","background-media":"","overlay-type":"","overlay-color":"","overlay-opacity":"","overlay-gradient":""},"tablet":{"background-color":"","background-image":"","background-repeat":"repeat","background-position":"center center","background-size":"auto","background-attachment":"scroll","background-type":"","background-media":"","overlay-type":"","overlay-color":"","overlay-opacity":"","overlay-gradient":""},"mobile":{"background-color":"","background-image":"","background-repeat":"repeat","background-position":"center center","background-size":"auto","background-attachment":"scroll","background-type":"","background-media":"","overlay-type":"","overlay-color":"","overlay-opacity":"","overlay-gradient":""}},"ast-content-background-meta":{"desktop":{"background-color":"var(--ast-global-color-5)","background-image":"","background-repeat":"repeat","background-position":"center center","background-size":"auto","background-attachment":"scroll","background-type":"","background-media":"","overlay-type":"","overlay-color":"","overlay-opacity":"","overlay-gradient":""},"tablet":{"background-color":"var(--ast-global-color-5)","background-image":"","background-repeat":"repeat","background-position":"center center","background-size":"auto","background-attachment":"scroll","background-type":"","background-media":"","overlay-type":"","overlay-color":"","overlay-opacity":"","overlay-gradient":""},"mobile":{"background-color":"var(--ast-global-color-5)","background-image":"","background-repeat":"repeat","background-position":"center center","background-size":"auto","background-attachment":"scroll","background-type":"","background-media":"","overlay-type":"","overlay-color":"","overlay-opacity":"","overlay-gradient":""}},"footnotes":""},"class_list":["post-9600","page","type-page","status-publish","hentry"],"_links":{"self":[{"href":"https:\/\/asiaglobal.kr\/index.php?rest_route=\/wp\/v2\/pages\/9600","targetHints":{"allow":["GET"]}}],"collection":[{"href":"https:\/\/asiaglobal.kr\/index.php?rest_route=\/wp\/v2\/pages"}],"about":[{"href":"https:\/\/asiaglobal.kr\/index.php?rest_route=\/wp\/v2\/types\/page"}],"author":[{"embeddable":true,"href":"https:\/\/asiaglobal.kr\/index.php?rest_route=\/wp\/v2\/users\/1"}],"replies":[{"embeddable":true,"href":"https:\/\/asiaglobal.kr\/index.php?rest_route=%2Fwp%2Fv2%2Fcomments&post=9600"}],"version-history":[{"count":13,"href":"https:\/\/asiaglobal.kr\/index.php?rest_route=\/wp\/v2\/pages\/9600\/revisions"}],"predecessor-version":[{"id":9680,"href":"https:\/\/asiaglobal.kr\/index.php?rest_route=\/wp\/v2\/pages\/9600\/revisions\/9680"}],"wp:attachment":[{"href":"https:\/\/asiaglobal.kr\/index.php?rest_route=%2Fwp%2Fv2%2Fmedia&parent=9600"}],"curies":[{"name":"wp","href":"https:\/\/api.w.org\/{rel}","templated":true}]}}